{"id":201,"date":"2025-08-23T09:16:26","date_gmt":"2025-08-23T09:16:26","guid":{"rendered":"http:\/\/praktijkholistica.nl\/?page_id=201"},"modified":"2025-09-07T17:42:43","modified_gmt":"2025-09-07T17:42:43","slug":"mijn-pad","status":"publish","type":"page","link":"http:\/\/praktijkholistica.nl\/?page_id=201","title":{"rendered":"Mijn pad"},"content":{"rendered":"\n<p class=\"has-kubio-color-8-color has-text-color has-link-color has-large-font-size wp-elements-b733449c343bb30b06954ce16c3fe45e\"><strong>Mijn pad<\/strong><\/p>\n\n\n\n<p class=\"has-kubio-color-8-color has-text-color has-link-color wp-elements-d327529d100eb9cce4d5bd13576ae891\">Van kleins af aan voelde ik me anders, niet dat ik er \u201cniet\u201d bij hoorde maar ik wist gewoon dingen of ik voelde wat. Heb het jaren weggestopt en heb er nooit over gesproken. Je groeit op, leeft je leven, maar toch al die tijd is er een gevoel geweest, \u201cIntu\u00eftie\u201d.<\/p>\n\n\n\n<p class=\"has-kubio-color-8-color has-text-color has-link-color wp-elements-376916224ffefaf3170117b4488fdf80\">Toen we kinderen kregen heette het opeens &#8220;moedergevoel\u201d. Ik voelde als er iets mankeerde aan de kinderen of als ze aan het liegen waren wat ik afdeed als &#8220;toeval\u201d maar bij een van onze zoons is het zijn redding geweest dat ik \u201cecht\u201d geluisterd heb naar mijn intu\u00eftie en niet naar de dokter!<\/p>\n\n\n\n<p class=\"has-kubio-color-8-color has-text-color has-link-color wp-elements-7cdb9dd670306d51416f121f53b725aa\">Als ik terugkijk op mijn leven, zijn er veel momenten geweest dat er tekens waren dat het niet goed met mij ging. Waarom voelde ik me zo negatief en apart, toen ben ik er ook achter gekomen dat ik al jaren energie\u00ebn voel, negatieve overtuigingen heb en te vaak aanvoelde wat er ging gebeuren in mijn omgeving. Ik ging maar door, lachte en leefde maar van binnen ging het niet goed. Totdat ik keuzes moest maken over mijn lichaam om niet ziek te worden\u2026\u2026\u2026.Voor mij voelde dit als een 2e kans.<\/p>\n\n\n\n<p class=\"has-kubio-color-8-color has-text-color has-link-color wp-elements-4b8a81a3d1b3172cc5ea536e3ba98fb2\">Al bijna 10 jaar ben ik aan het onderzoeken hoe je gezond kan blijven, de juiste balans kan houden en het belangrijkste, gelukkig met jezelf kan zijn.<\/p>\n\n\n\n<p class=\"has-kubio-color-8-color has-text-color has-link-color wp-elements-81a4efebf8dd541c9b62254ebc536f0c\">Homeopathie en essenti\u00eble oli\u00ebn kwamen eerst op mijn pad. Toen ben ik me gaan verdiepen waar de grondstoffen van homeopathie en oli\u00ebn vandaan kwamen. Dit zijn de krachtige kruiden uit de natuur, zelfs van onkruid (wat absoluut geen onkruid is). Ik heb een 2 jarige opleiding gevolgd en ben sprakeloos wat er allemaal voor bijzonders groeit in de natuur maar ook in je eigen tuin.<\/p>\n\n\n\n<p class=\"has-kubio-color-8-color has-text-color has-link-color wp-elements-2aac4f0740e20b3fbac5f188aa8a16c8\">Alleen bovenstaande zijn hulpmiddelen terwijl ons lichaam een zelfgenezend vermogen heeft. Je gedachtengang speelt hierin de hoofdrol.<\/p>\n\n\n\n<p class=\"has-kubio-color-8-color has-text-color has-link-color wp-elements-806ffae6f6d6dea3ce483465299b6c59\">De afgelopen jaren heb ik verschillende paden bewandeld. Alles wat me negatieve energie bracht heb ik achter me gelaten; giftige relaties, roddelen, druk maken, bezigheden tegen je zin doen. Overtuigingen losgelaten over mijn littekens. Trauma&#8217;s waarvan ik niet wist dat het er was, onder ogen zien en oplossen.<\/p>\n\n\n\n<p class=\"has-kubio-color-8-color has-text-color has-link-color wp-elements-2ce3b5fba15697b7637734c2be45651d\">Door van mezelf, onvoorwaardelijk te houden merkte ik dat ik veel lekkerder in mijn lichaam zat, steeds minder ongemakken ervaarde. Als ik er al een had dan voelde ik dat ik moest luisteren naar mijn lichaam; neem rust, niet naar de afspraak gaan ( waar ik toch al niet heen wilde), ga wat voor je zelf doen, keuzes maken.<\/p>\n\n\n\n<p class=\"has-kubio-color-8-color has-text-color has-link-color wp-elements-50f5c833783a7762dca0ebf539d36523\">Naar altijd te luisteren naar mijn intu\u00eftie ervaar ik zoveel lichtheid, balans, rust, positieve energie en voel ik, dat ik geland ben na jaren. <\/p>\n\n\n\n<p class=\"has-kubio-color-8-color has-text-color has-link-color wp-elements-fa01399c272e02c22a15e671d8078dee\">Maar ook ik kom mezelf nog weleens tegen en ervaar ongemakken. Door stil te zijn en te voelen kom ik erachter wat er mis is en wat ik er zelf aan kan doen.<\/p>\n\n\n\n<p><\/p>\n","protected":false},"excerpt":{"rendered":"<p>Mijn pad Van kleins af aan voelde ik me anders, niet dat ik er \u201cniet\u201d bij hoorde maar ik wist gewoon dingen of ik voelde wat. Heb het jaren weggestopt [&hellip;]<\/p>\n","protected":false},"author":1,"featured_media":0,"parent":0,"menu_order":0,"comment_status":"closed","ping_status":"closed","template":"","meta":{"saved_in_kubio":false,"footnotes":""},"class_list":["post-201","page","type-page","status-publish","hentry"],"kubio_ai_page_context":{"short_desc":"","purpose":"general"},"_links":{"self":[{"href":"http:\/\/praktijkholistica.nl\/index.php?rest_route=\/wp\/v2\/pages\/201","targetHints":{"allow":["GET"]}}],"collection":[{"href":"http:\/\/praktijkholistica.nl\/index.php?rest_route=\/wp\/v2\/pages"}],"about":[{"href":"http:\/\/praktijkholistica.nl\/index.php?rest_route=\/wp\/v2\/types\/page"}],"author":[{"embeddable":true,"href":"http:\/\/praktijkholistica.nl\/index.php?rest_route=\/wp\/v2\/users\/1"}],"replies":[{"embeddable":true,"href":"http:\/\/praktijkholistica.nl\/index.php?rest_route=%2Fwp%2Fv2%2Fcomments&post=201"}],"version-history":[{"count":5,"href":"http:\/\/praktijkholistica.nl\/index.php?rest_route=\/wp\/v2\/pages\/201\/revisions"}],"predecessor-version":[{"id":280,"href":"http:\/\/praktijkholistica.nl\/index.php?rest_route=\/wp\/v2\/pages\/201\/revisions\/280"}],"wp:attachment":[{"href":"http:\/\/praktijkholistica.nl\/index.php?rest_route=%2Fwp%2Fv2%2Fmedia&parent=201"}],"curies":[{"name":"wp","href":"https:\/\/api.w.org\/{rel}","templated":true}]}}